
{"id":2,"date":"2013-01-11T12:28:44","date_gmt":"2013-01-11T12:28:44","guid":{"rendered":"http:\/\/new.lucasgunitec.com\/?page_id=2"},"modified":"2021-02-18T19:05:45","modified_gmt":"2021-02-18T19:05:45","slug":"lucas-gisbert-gunitec-que-hago-quien-soy","status":"publish","type":"page","link":"https:\/\/gunitec.com\/blog\/lucas-gisbert-gunitec-que-hago-quien-soy\/","title":{"rendered":"Que hago \/ Quien soy"},"content":{"rendered":"<p>Me llamo Lucas Gisbert y soy hijo del fundador de Gunitec, mi padre Marcos, del cual llevo toda mi vida aprendiendo.<\/p>\n<p>Me apasiona mi trabajo y cre\u00e9 este blog para poder compartir con vosotros lo m\u00e1s innovador y fascinante del mundo al que me dedico, el asesoramiento en los proyectos y la creaci\u00f3n de balnearios, zonas spa y piscinas.<\/p>\n<p>Si crees que puedo ayudarte o necesitas ponerte en contacto conmigo lo puedes hacer envi\u00e1ndome un email: <a href=\"mailto:l&#117;&#099;a&#115;&#064;g&#117;ni&#116;ec.&#099;om\">l&#117;&#099;a&#115;&#064;g&#117;ni&#116;ec.&#099;om<\/a><\/p>\n<div class='row'>\n<div class='col-xs-12 col-sm-12'>\n<h2>Mis otras pasiones<\/h2>\n<p>Dedico gran parte de mi vida a mi familia, amigos y novia y con ellos vivo intensamente cada proyecto, viaje, cena o momento para recordarme a mi mismo que estamos aqu\u00ed para vivir experiencias inolvidables.<\/p>\n<p>Otra de mis pasiones es deporte,\u00a0que tanto me ha ayudado en\u00a0mi vida, sobretodo despu\u00e9s de haber realizado algunas pruebas muy duras tanto f\u00edsica como psicol\u00f3gicamente como es el Medio Ironman, el Ironman de Niza, la Titan Desert o la Cape Epic en Sud\u00e1frica.<\/p>\n<\/div>\n<\/div>\n<div class='row'>\n<div class='col-xs-12 col-sm-12 col-md-5 col-lg-4'>\n<div class='smartyoutube' ><span class=\"youtube\"><iframe title=\"YouTube video player\" class=\"youtube-player\" type=\"text\/html\" width=\"350\" height=\"283\" src=\"\/\/www.youtube.com\/embed\/8LviA4Zb46w?wmode=transparent&amp;fs=1&amp;hl=en&amp;modestbranding=1&amp;iv_load_policy=3&amp;showsearch=0&amp;rel=1&amp;theme=dark&amp;hd=1\" frameborder=\"0\" allowfullscreen><\/iframe><\/span><\/div>\n<\/div>\n<div class='col-xs-12 col-sm-12 col-md-5 col-lg-4'>\n<div class='smartyoutube' ><span class=\"youtube\"><iframe title=\"YouTube video player\" class=\"youtube-player\" type=\"text\/html\" width=\"350\" height=\"283\" src=\"\/\/www.youtube.com\/embed\/cfqdFVLj_GQ?wmode=transparent&amp;fs=1&amp;hl=en&amp;modestbranding=1&amp;iv_load_policy=3&amp;showsearch=0&amp;rel=1&amp;theme=dark&amp;hd=1\" frameborder=\"0\" allowfullscreen><\/iframe><\/span><\/div>\n<\/div>\n<div class='col-xs-12 col-sm-12 col-md-5 col-lg-4'>\n<div class='smartyoutube' ><span class=\"youtube\"><iframe title=\"YouTube video player\" class=\"youtube-player\" type=\"text\/html\" width=\"350\" height=\"283\" src=\"\/\/www.youtube.com\/embed\/nkNtmujWXw4?wmode=transparent&amp;fs=1&amp;hl=en&amp;modestbranding=1&amp;iv_load_policy=3&amp;showsearch=0&amp;rel=1&amp;theme=dark&amp;hd=1\" frameborder=\"0\" allowfullscreen><\/iframe><\/span><\/div>\n<\/div>\n<\/div>\n<h2>Blogs que sigo<\/h2>\n<p class='text-center'>Cada d\u00eda de mi vida dedico un tiempo a escuchar o leer a personas que me motivan e inspiran y entre ellas estos son los m\u00e1s destacados.<\/p>\n<div class='row'>\n<div class='col-xs-12 col-sm-12 col-md-6 col-lg-6'>\n<p class='text-center'><img loading=\"lazy\" src=\"http:\/\/new.lucasgunitec.com\/cont\/uploads\/2021\/02\/alvaro-gonzalez-alorda-300x297.jpg\" alt=\"\" width=\"300\" height=\"297\" class=\"aligncenter size-medium wp-image-1113\" srcset=\"https:\/\/gunitec.com\/blog\/cont\/uploads\/2021\/02\/alvaro-gonzalez-alorda-300x297.jpg 300w, https:\/\/gunitec.com\/blog\/cont\/uploads\/2021\/02\/alvaro-gonzalez-alorda-150x150.jpg 150w, https:\/\/gunitec.com\/blog\/cont\/uploads\/2021\/02\/alvaro-gonzalez-alorda.jpg 631w\" sizes=\"(max-width: 300px) 100vw, 300px\" \/><br \/>\n<a href=\"https:\/\/www.alvarogonzalezalorda.com\" target=\"_blank\" rel=\"noopener\">Alvaro Gonz\u00e1lez-Alorda<\/a>, mi maestro y una de las personas m\u00e1s influyentes en mi vida tanto personal como profesional.<\/p>\n<\/div>\n<div class='col-xs-12 col-sm-12 col-md-6 col-lg-6'>\n<p class='text-center'><img loading=\"lazy\" src=\"http:\/\/new.lucasgunitec.com\/cont\/uploads\/2021\/02\/isra-garcia--300x296.jpg\" alt=\"\" width=\"300\" height=\"296\" class=\"aligncenter size-medium wp-image-1110\" srcset=\"https:\/\/gunitec.com\/blog\/cont\/uploads\/2021\/02\/isra-garcia--300x296.jpg 300w, https:\/\/gunitec.com\/blog\/cont\/uploads\/2021\/02\/isra-garcia-.jpg 634w\" sizes=\"(max-width: 300px) 100vw, 300px\" \/><br \/>\n<a href=\"https:\/\/isragarcia.es\" target=\"_blank\" rel=\"noopener\">Isra Garcia<\/a>, uno de mis mejores amigos, mi asesor en social media y un especialista en hacer que las cosas sucedan.<\/p>\n<\/div>\n<\/div>\n","protected":false},"excerpt":{"rendered":"<p>Me llamo Lucas Gisbert y soy hijo del fundador de Gunitec, mi padre Marcos, del cual llevo toda mi vida aprendiendo. Me apasiona mi trabajo y cre\u00e9 este blog para poder compartir con vosotros lo m\u00e1s innovador y fascinante del mundo al que me dedico, el asesoramiento en los proyectos y la creaci\u00f3n de balnearios, [&hellip;]<\/p>\n","protected":false},"author":3,"featured_media":1108,"parent":0,"menu_order":1,"comment_status":"open","ping_status":"closed","template":"","meta":{"_genesis_hide_title":false,"_genesis_hide_breadcrumbs":false,"_genesis_hide_singular_image":false,"_genesis_hide_footer_widgets":false,"_genesis_custom_body_class":"","_genesis_custom_post_class":"","_genesis_layout":""},"_links":{"self":[{"href":"https:\/\/gunitec.com\/blog\/wp-json\/wp\/v2\/pages\/2"}],"collection":[{"href":"https:\/\/gunitec.com\/blog\/wp-json\/wp\/v2\/pages"}],"about":[{"href":"https:\/\/gunitec.com\/blog\/wp-json\/wp\/v2\/types\/page"}],"author":[{"embeddable":true,"href":"https:\/\/gunitec.com\/blog\/wp-json\/wp\/v2\/users\/3"}],"replies":[{"embeddable":true,"href":"https:\/\/gunitec.com\/blog\/wp-json\/wp\/v2\/comments?post=2"}],"version-history":[{"count":46,"href":"https:\/\/gunitec.com\/blog\/wp-json\/wp\/v2\/pages\/2\/revisions"}],"predecessor-version":[{"id":1127,"href":"https:\/\/gunitec.com\/blog\/wp-json\/wp\/v2\/pages\/2\/revisions\/1127"}],"wp:featuredmedia":[{"embeddable":true,"href":"https:\/\/gunitec.com\/blog\/wp-json\/wp\/v2\/media\/1108"}],"wp:attachment":[{"href":"https:\/\/gunitec.com\/blog\/wp-json\/wp\/v2\/media?parent=2"}],"curies":[{"name":"wp","href":"https:\/\/api.w.org\/{rel}","templated":true}]}}